= 46 + -29. Let q(b) = -b**3 + 16*b**2 + 20*b - 12. What are the prime factors of q(w)?
3, 13
Suppose 4*c + 2*d - 182 = -28, -c = d - 36. Suppose 8 = -h + c. List the prime factors of h.
3, 11
Let b(h) = 79*h - 40. Let a be b(1). Let n(i) = -i**2 - 5*i + 6. Let g be n(-6). What are the prime factors of (g - (0 - 2)) + a?
41
Let v be 4/4 + 3 + -4. Suppose -t + 657 = 3*j, -4*t - 232 = -j - v*j. List the prime factors of j.
2, 5, 11
Suppose b - 6*b - 70 = 0. Let f = 63 + b. What are the prime factors of f?
7
Let p = 56 + 1. Let g = p - 47. List the prime factors of g.
2, 5
Suppose -3*g - 5*y = -6711, -212*g + 5*y = -209*g - 6711. What are the prime factors of g?
2237
Let q(y) = y**3 - 14*y**2 + 14*y - 6. Let k be q(13). Suppose -3*m + k + 2 = 0. Suppose 3*u = -z + 140, m*z - 4 = -7. List the prime factors of u.
47
Let x(d) = 3*d**3 - 8*d**2 + 38*d + 43. What are the prime factors of x(13)?
2, 19
Let b = 375 + -209. Let r be (-4)/22 - (-20160)/(-198). Let h = b + r. What are the prime factors of h?
2
Suppose -26*p + 30*p - 1816 = 0. List the prime factors of p.
2, 227
Suppose 0 = 4*c - 7*c + 5*l + 50, 12 = -3*l. Suppose -c*r + 672 = -3*r. What are the prime factors of r?
2, 3
Suppose w + 0 = 182. Suppose 2*p - 4*m = 218, w - 622 = -4*p + 4*m. What are the prime factors of p?
3, 37
Let z be ((-11)/(33/180))/(-1). Suppose 0 = 4*v + 4*q - 332, v - 279 = -2*v + 3*q. Let h = v - z. List the prime factors of h.
2, 7
Let a be 4/16*-2*2*-53. Suppose -2*b + a = 3*b + 2*v, 0 = -b + 5*v + 16. List the prime factors of b.
11
Let x be (-4)/6 + 1078/(-21). Let h = -24 - x. List the prime factors of h.
2, 7
Let k = -296 - -136. What are the prime factors of 1/(1/(-4)) - k?
2, 3, 13
Let f(a) = a**2 + 12*a + 20. Let n be f(-13). Suppose -4*t + n = -319. What are the prime factors of t?
2, 11
List the prime factors of (-2)/4*(-2160)/8.
3, 5
Let n = -538 + 534. Suppose 0 = 5*l - 5*w - 15, 14 = -4*l - 5*w - 1. What are the prime factors of (-260)/(n + l) - -2?
67
Suppose 14*r = 5*r - 414. Let f be (4/(-12))/(1/(-33)). List the prime factors of f + -13 + r/(-2).
3, 7
List the prime factors of (-415)/166*(-3)/((-30)/(-856)).
2, 107
Let x be -241*(-1 - 1 - (-3 - 0)). Let h = 339 + x. List the prime factors of h.
2, 7
Let s(p) = 3*p**3 + 106*p**2 + 30*p - 26. What are the prime factors of s(-34)?
2, 1789
Let a be (-2)/(-10) - (-3)/(75/70). What are the prime factors of (3 + (-3 - 62))*(-3)/a?
2, 31
Let y(f) = -f**2 - 7*f - 5. Let b = -15 + 10. Let g be y(b). Suppose -4*x = -g*m + 87, 3*m - 7*m + 3*x + 70 = 0. What are the prime factors of m?
19
What are the prime factors of 8/(-6)*(-306)/12 + 2?
2, 3
Let w(l) = l**3 - 4*l**2 - 4*l - 2. Let m(j) = j**3 - 1. Let o(t) = -2*m(t) + w(t). Let d be o(-3). Suppose d*n - 101 = 70. List the prime factors of n.
3, 19
Let p(v) = -5*v - 33. Let u be p(-7). Suppose -u*d = d - 5*f - 329, -f = 4. List the prime factors of d.
103
Suppose 0*w + w - m + 60 = 0, -5*w - 290 = -3*m. Suppose 2*n - 470 = -3*n + 4*a, -279 = -3*n + 3*a. Let v = w + n. What are the prime factors of v?
43
Let p(u) = 2237*u - 2. What are the prime factors of p(1)?
3, 5, 149
Let k = -16 + 16. Suppose -3*m - 1 = 2*p - 2*m, -5*p - 5*m - 15 = k. Suppose 0 = p*n + 5*u - 71, 4*n - u + 6*u - 117 = 0. What are the prime factors of n?
23
List the prime factors of ((-3592)/6)/(14/(-21)).
2, 449
Suppose 5*w = -5*s + 1170, 14*w - s - 483 = 12*w. List the prime factors of w.
239
Let m be 12/(-16) - 195/12. Let z = m - -49. What are the prime factors of z?
2
Let d(i) = i**3 + 5*i**2 - 10*i - 12. Let n(p) = 2*p**3 + 11*p**2 - 21*p - 25. Let w(b) = -5*d(b) + 2*n(b). List the prime factors of w(-7).
2, 3, 5
Let d(o) = 8*o**3 + 23*o**2 + 5*o - 9. Let w(t) = -4*t**3 - 11*t**2 - 3*t + 4. Let i(a) = 6*d(a) + 13*w(a). List the prime factors of i(-2).
2, 7
Let w = -3 + 8. Let n(y) = -7*y - 2. Let h be n(w). Let q = h + 52. What are the prime factors of q?
3, 5
Let b be (-2)/((-6)/13) - (-9)/(-27). Suppose -740 = -5*n + b*l, -4*l = -4*n - 7*l + 592. List the prime factors of n.
2, 37
Let r = 461 - -18. List the prime factors of r.
479
Let w = -31 - -304. List the prime factors of w.
3, 7, 13
Let z be (6 - 2)*25/20. Suppose 0*k = z*k - 45. Let b = k - 2. List the prime factors of b.
7
Suppose 89*t - 1260 = 82*t. List the prime factors of t.
2, 3, 5
Suppose 19 + 29 = 8*a. Suppose 14 - a = 4*v. Suppose m = 3*s + 47, -2*s - 82 = -v*m + s. List the prime factors of m.
5, 7
Let i be (2 - 3) + 1 - -3. Suppose -70 + 22 = -i*o. Suppose -d + 2 = -o. List the prime factors of d.
2, 3
Suppose 5*n - 42 = 58. Let x = 58 + n. What are the prime factors of x?
2, 3, 13
Let u = 2869 + -1819. List the prime factors of u.
2, 3, 5, 7
Let x(m) = -m**3 - 6*m**2 - 4*m - 16. Suppose -l = -0 + 7. List the prime factors of x(l).
61
Suppose q = 4*k - 1236, 2*k - 2*q + 7*q - 618 = 0. List the prime factors of k.
3, 103
Suppose 4*v = 2*v + 10. Let n(x) = -1 + 2 + 5*x + 23*x - v. List the prime factors of n(3).
2, 5
Let k(z) = 765*z - 83. List the prime factors of k(4).
13, 229
Let l = 9 - 5. Let d(a) = -5*a**3 - 11*a**2 - a + 4. Let m(i) = -2*i**3 - 5*i**2 - i + 2. Let q(p) = -3*d(p) + 7*m(p). What are the prime factors of q(l)?
2, 3
Let p be ((-16)/(-6))/((-4)/18). Let o be 12/(-4) + 0 + -2. Let h = o - p. List the prime factors of h.
7
Let z = 313 + -159. List the prime factors of z.
2, 7, 11
List the prime factors of (-404)/10*(-32 + 8/4).
2, 3, 101
Suppose 0 = -2*g - 2*l + 24, 0 = -5*g - 2*l + 39 + 6. Let h(z) = -4 + 3*z - 4*z + 2*z. What are the prime factors of h(g)?
3
Let t(k) = -65*k**3 - k**2 + k. Let a be t(-2). Suppose 7*f - 179 - a = 0. What are the prime factors of f?
3, 11
Let n = 361 + 2665. What are the prime factors of n?
2, 17, 89
Let d(w) = w**2 + 6. Let h be d(0). Let q = 10 - h. List the prime factors of (-1)/(-2)*11*q.
2, 11
Let u = -300 - -213. List the prime factors of (-2)/(-3 - 255/u).
29
Let f = -74 + 196. Suppose 3*g - f = 121. List the prime factors of g.
3
Let b = -336 - -1193. List the prime factors of b.
857
Let z = 0 + 7. Suppose l = 1 + z. Suppose l*k - 656 + 96 = 0. List the prime factors of k.
2, 5, 7
Let r(u) = -u**3 + u**2 + 2*u. Let k be r(2). Suppose k = -4*c - 8, -t + 913 = 4*t - 4*c. List the prime factors of t.
181
Let m(n) = -5 + 6*n - 14*n + 2 - 12. List the prime factors of m(-3).
3
Suppose 0 = -2742*x + 2725*x + 92259. List the prime factors of x.
3, 67
Suppose -4*c - 17 = -5*r - 6, r = -4*c - 17. Let h(y) = y**2 - 4*y + 6 - 8 - 7. What are the prime factors of h(c)?
23
Let b be (12/(-30))/(2/(-10)). Let q(n) = -5 - 3 - 4*n - b*n + 8*n. List the prime factors of q(9).
2, 5
Let y = -2 - -38. Suppose 5*h - h = y. Let f = h - -25. What are the prime factors of f?
2, 17
Let a(q) = -q**2 - 9*q + 2. Let w be a(-9). Suppose 300 = -w*h + 5*h + 3*k, 5*h - 2*k = 507. What are the prime factors of h?
101
Let w = 35 + 233. What are the prime factors of w?
2, 67
Let u be ((-2)/(-3) + -1)/((-10)/90). Suppose -u*j = -0*j - 99. List the prime factors of j.
3, 11
Let i(j) = -87*j + 4. Let v(k) = 44*k - 2. Let x(u) = -3*i(u) - 5*v(u). List the prime factors of x(2).
2, 5
Let u be (-256)/6*6/(-4). Suppose -2*z + z + u = 0. What are the prime factors of z?
2
Let x(d) = 137*d + 90. What are the prime factors of x(5)?
5, 31
Suppose d = -0*d + 3*q + 19, -3*q = -3*d + 27. Suppose -3 = -d*o + 13. List the prime factors of o.
2
Suppose 62*o = 63*o + 2, -2*w + 7050 = -3*o. What are the prime factors of w?
2, 3, 587
Let i(w) = -w**2 - 8*w - 7. Let a be i(-7). Let r = 132 - a. What are the prime factors of r?
2, 3, 11
Suppose 9*u + 418 = -788. Let s = 437 + u. What are the prime factors of s?
3, 101
Let u(s) = -30*s - 74. List the prime factors of u(-39).
2, 137
Let h be (-3044)/(-6) - 5/15. Let z = -350 + h. Suppose -4*n = 45 - z. List the prime factors of n.
2, 7
Suppose 0 = 2*a + 2*a + 4*w + 4, a - 2 = 2*w. Suppose a*q = 4*q. List the prime factors of 18 + q/(-4) - 3.
3, 5
Let v(l) be the third derivative of -l**6/120 + 7*l**5/60 + l**4/8 + 11*l**3/6 - 8*l**2. Let s = -7 - -14. List the prime factors of v(s).
2
Suppose -3*t + 3655 = -5*q, 15*t - 2430 = 13*t + 5*q. What are the prime factors of t?
5, 7
Let k be -6*4/18*-3. Suppose d - 101 - 103 = -4*x, -k*d + 140 = 3*x. Suppose -5*t + t = -x. W